16171
What is -400 (base 11) in base 13?
-2b3
What is -332 (base 13) in base 5?
-4143
15c5 (base 15) to base 5
122220
Convert -6a8 (base 16) to base 10.
-1704
Convert 12635 (base 7) to base 16.
d4f
-234104 (base 5) to base 13
-3c29
-21102 (base 5) to base 13
-83b
What is -1100 (base 8) in base 10?
-576
Convert -4b08 (base 16) to base 2.
-100101100001000
What is -1283 (base 13) in base 11?
-1a92
22242 (base 8) to base 10
9378
Convert 112201 (base 4) to base 9.
1871
What is 914 (base 13) in base 11?
1179
Convert -5c (base 14) to base 11.
-75
Convert 3230 (base 6) to base 12.
516
Convert -1604 (base 11) to base 15.
-926
Convert 9685 (base 11) to base 12.
74a6
Convert 20156 (base 7) to base 8.
11434
6b5 (base 12) to base 14
517
15da (base 14) to base 11
2a40
What is 112344 (base 5) in base 6?
30551
Convert 1551 (base 16) to base 13.
263a
Convert -6b4 (base 13) to base 3.
-1121000
-101234 (base 5) to base 13
-1684
What is -42 (base 6) in base 15?
-1b
38028 (base 9) to base 16
63c5
Convert -2400 (base 5) to base 7.
-1010
What is -9b9 (base 14) in base 11?
-14a2
What is 7742 (base 12) in base 9?
20035
-8a (base 14) to base 8
-172
210212 (base 3) to base 16
24e
-10474 (base 8) to base 4
-1010330
What is -10001001100011 (base 2) in base 6?
-104431
What is 321 (base 11) in base 3?
112022
Convert -123e (base 16) to base 9.
-6358
Convert 1000110100 (base 2) to base 10.
564
What is -15f (base 16) in base 12?
-253
-92 (base 15) to base 8
-211
What is -5041 (base 16) in base 10?
-20545
Convert 200102 (base 3) to base 16.
1f1
Convert 762c (base 14) to base 13.
93b1
-bb0 (base 13) to base 3
-2202011
1011101101101 (base 2) to base 8
13555
Convert -3312130 (base 4) to base 10.
-15772
225603 (base 7) to base 6
511100
Convert -4061 (base 16) to base 3.
-211121102
What is 10210220000 (base 3) in base 6?
1335130
-1526 (base 12) to base 7
-10140
Convert 1611b (base 12) to base 10.
31271
5444 (base 6) to base 3
1201101
Convert -15204 (base 6) to base 3.
-10100211
416 (base 16) to base 3
1102202
11010010111101 (base 2) to base 15
4001
Convert 212 (base 12) to base 4.
10232
-1100011000 (base 2) to base 13
-48c
What is 901 (base 15) in base 10?
2026
What is 10162 (base 7) in base 12?
153a
-e9a (base 15) to base 16
-cdf
What is -160 (base 11) in base 6?
-511
What is 22022 (base 3) in base 5?
1344
-3182 (base 9) to base 13
-10b2
Convert -46e (base 16) to base 3.
-1120000
What is -a45 (base 14) in base 6?
-13205
Convert -486 (base 12) to base 11.
-567
Convert -1011140 (base 5) to base 13.
-7621
-160b (base 14) to base 3
-12101121
Convert -2598 (base 11) to base 3.
-11121222
17335 (base 8) to base 5
223101
-120220211 (base 3) to base 5
-332410
Convert -28735 (base 9) to base 11.
-13766
Convert -70161 (base 9) to base 2.
-1011001111101111
Convert -1dc (base 16) to base 10.
-476
Convert 5221 (base 6) to base 2.
10010001101
1319 (base 10) to base 4
110213
11100011101011 (base 2) to base 14
544b
What is -458 (base 16) in base 6?
-5052
What is -1ad (base 14) in base 5?
-2344
-8 (base 10) to base 2
-1000
4533 (base 7) to base 10
1641
What is -313 (base 9) in base 10?
-255
-43570 (base 9) to base 3
-1110122100
23a (base 16) to base 9
703
What is 24430 (base 5) in base 10?
1865
What is 1000110100 (base 2) in base 7?
1434
Convert -3b4 (base 13) to base 10.
-654
What is -101100011111011 (base 2) in base 4?
-11203323
Convert 45f (base 16) to base 12.
793
Convert -350 (base 8) to base 13.
-14b
What is -697 (base 16) in base 7?
-4630
Convert -b6b (base 14) to base 6.
-14231
What is 220323 (base 4) in base 10?
2619
What is 334235 (base 6) in base 16?
6e0f
-553 (base 10) to base 11
-463
Convert 312101 (base 4) to base 3.
11202122
Convert -247 (base 14) to base 9.
-555
Convert -21122 (base 6) to base 10.
-2858
Convert -2122 (base 8) to base 4.
-101102
What is -11010202 (base 3) in base 16?
-bc9
2020 (base 9) to base 3
2000200
-1002 (base 8) to base 4
-20002
What is 25104 (base 6) in base 12?
2194
Convert -2014423 (base 5) to base 3.
-1122120021
528 (base 13) to base 11
72a
Convert -549 (base 10) to base 5.
-4144
What is -28e (base 16) in base 14?
-34a
Convert 2c1 (base 14) to base 16.
231
10010110101 (base 2) to base 7
3341
What is -110202 (base 3) in base 5?
-2334
9d75 (base 14) to base 6
330335
Convert -22313 (base 4) to base 7.
-2012
Convert -120 (base 16) to base 6.
-1200
What is 5541 (base 16) in base 10?
21825
Convert 8d (base 16) to base 15.
96
Convert -397 (base 14) to base 13.
-436
What is -1223113 (base 4) in base 12?
-3b87
What is -1bf (base 16) in base 9?
-546
4203 (base 12) to base 2
1110000100011
81 (base 9) to base 2
1001001
Convert -10201211 (base 3) to base 15.
-c17
Convert -5ad4 (base 16) to base 10.
-23252
505 (base 13) to base 16
352
3041112 (base 5) to base 16
c17c
Convert a40 (base 14) to base 2.
11111100000
Convert -1242 (base 11) to base 10.
-1619
-7086 (base 10) to base 11
-5362
Convert 263355 (base 7) to base 2.
1100000001010100
213 (base 10) to base 4
3111
What is df (base 16) in base 4?
3133
What is -1030 (base 5) in base 3?
-12012
What is -1046 (base 13) in base 6?
-14235
1093 (base 12) to base 4
130233
Convert 347 (base 15) to base 14.
3b0
What is 14981 (base 10) in base 5?
434411
What is 1c (base 13) in base 5?
100
-221 (base 5) to base 7
-115
86ba (base 16) to base 8
103272
Convert 9b9 (base 14) to base 10.
1927
61 (base 9) to base 3
2001
Convert -861a (base 11) to base 15.
-359a
-200122 (base 3) to base 13
-2c9
23344 (base 7) to base 15
1baa
-2213 (base 5) to base 16
-134
What is 1264 (base 9) in base 10?
949
What is 1011010101 (base 2) in base 9?
885
Convert 30411 (base 6) to base 13.
1ab9
3462 (base 15) to base 13
50a2
What is -8891 (base 14) in base 16?
-5c5f
What is 33245 (base 8) in base 9?
21163
Convert 3050 (base 7) to base 9.
1412
-1d8 (base 14) to base 7
-1061
What is -17c (base 15) in base 2?
-101010110
What is 4129 (base 11) in base 15?
1951
Convert -12521 (base 8) to base 14.
-1dbb
-33020 (base 4) to base 16
-3c8
Convert -4647 (base 12) to base 14.
-2bd5
Convert 421 (base 8) to base 2.
100010001
Convert 1366 (base 8) to base 2.
1011110110
Convert 11ecd (base 16) to base 15.
16b4b
What is -7e53 (base 15) in base 10?
-26853
What is c4 (base 15) in base 14?
d2
202111100 (base 3) to base 13
6a53
Convert 221 (base 6) to base 12.
71
What is -458 (base 9) in base 4?
-11321
What is 2022 (base 4) in base 16?
8a
Convert b486 (base 16) to base 10.
46214
Convert -110111200 (base 3) to base 5.
-242432
Convert 6a76 (base 11) to base 15.
2b39
What is -101 (base 16) in base 6?
-1105
317 (base 12) to base 3
121201
What is 30003 (base 4) in base 10?
771
What is 300a (base 13) in base 14?
2597
Convert 458 (base 11) to base 14.
2b1
What is -11335 (base 6) in base 9?
-2225
Convert -1527 (base 10) to base 6.
-11023
Convert 1248 (base 11) to base 9.
2205
Convert -240 (base 8) to base 5.
-1120
7156 (base 8) to base 9
5054
38355 (base 11) to base 10
54994
12b (base 14) to base 2
11101011
What is 2478 (base 9) in base 8?
3475
-2dd (base 15) to base 10
-658
What is 213 (base 5) in base 12?
4a
Convert 6aa0 (base 13) to base 9.
22518
What is 10000101101010010 (base 2) in base 8?
205522
What is -10401 (base 5) in base 16?
-2d6
What is 11112301 (base 4) in base 6?
245321
Convert -1a8 (base 16) to base 3.
-120201
What is -4166 (base 15) in base 13?
-63a2
Convert 203 (base 7) to base 3.
10202
-5654 (base 9) to base 10
-4180
-111202001 (base 3) to base 13
-4738
-ccb9 (base 15) to base 7
-240312
What is 6c (base 16) in base 6?
300
What is -21 (base 10) in base 12?
-19
101100010000 (base 2) to base 10
2832
Convert 3012 (base 5) to base 6.
1434
Convert -1010010101 (base 2) to base 3.
-220111
-21331 (base 5) to base 14
-76a
25265 (base 9) to base 12
99b8
What is -314341 (base 7) in base 12?
-2756a
Convert -3988 (base 14) to base 12.
-5a30
106 (base 12) to base 10
150
Convert 55e (base 15) to base 8.
2276
Convert 32b7 (base 14) to base 9.
13041
Convert -1e94 (base 16) to base 15.
-24bd
Convert ab41 (base 13) to base 6.
302322
-1447 (base 8) to base 11
-674
-197 (base 14) to base 7
-650
-366 (base 12) to base 16
-1fe
484 (base 11) to base 14
2d2
Convert 16a9 (base 12) to base 10.
2721
-1955 (base 10) to base 4
-132203
Convert 1623 (base 13) to base 6.
23000
What is 1123 (base 7) i